5) - (-1 + -2)?
2
Evaluate -2 - 0 - (-2 + 4 + -9).
5
What is -4 - (4 + 0 + -3 + -1)?
-4
-6 + 3 + 0 + 2 + 9
8
(-6 - 1) + (11 - 0)
4
1 + -1 + -2 + 1 + 3
2
What is 8 - (0 + 3 + 1)?
4
Evaluate 39 - 33 - (1 + 11 - 0).
-6
Calculate -10 + (-6 + 0 - -12).
-4
What is 4 + 2 + -4 + -3 + 0?
-1
What is -3 + 0 - (-6 - (4 - 0))?
7
Evaluate (-4 - -6) + 7 + -9.
0
What is -1 + 7 + 6 + -7 + 0?
5
What is -5 + (-1 + 1 - -1)?
-4
0 - (-2 + 1 + (6 - 9))
4
Evaluate -14 + 15 - (5 - 1).
-3
What is the value of 8 + -8 - (4 + -7 + -1)?
4
What is the value of (-10 - -3) + (-68 - -67)?
-8
2 + 0 + -4 - (-1 - 3)
2
-8 + 0 + 3 - -3 - 3
-5
What is the value of 8 - (20 - 7 - -2)?
-7
What is the value of 3 + (0 + -1 - 6) + 1?
-3
Evaluate (8 - (-9 - -10)) + -2.
5
Evaluate (-116 - -122) + -8 + 0.
-2
What is (-4 - -2 - -2) + 3?
3
Evaluate 2 + -4 - (4 + (-5 - 1)).
0
What is the value of (1 - 2) + 2 + -1?
0
What is the value of -2 + 0 - (0 + -7 - 2)?
7
Calculate 4 + (4 - (2 + 5)).
1
What is (-7 - (2 + -7)) + -9 + 4?
-7
Evaluate 10 - (-16 + 14 - -5).
7
Evaluate -2 - -7 - 4 - 1.
0
What is (1 - (5 + 3)) + 5 + -6?
-8
What is 4 + -6 + -5 + (3 - -2)?
-2
What is -37 - -46 - (-3 + (-1 - -4))?
9
Calculate (-43 - -51 - (15 + 0)) + -4.
-11
Calculate 0 + 2 - (6 + -4).
0
What is 1 - (1 - 12) - 20?
-8
-9 - (2 - (0 + 6)) - 2
-7
What is the value of (1 - 4) + (3 - (4 - 1))?
-3
What is the value of -12 + (11 + 3 - 13)?
-11
(-1 - -1) + 4 + 0
4
-7 - (-6 + 11 + -7)
-5
Calculate (6 - 16) + 5 - -6.
1
What is the value of (0 - 4) + (-5 - -6)?
-3
Calculate (1 - -2) + -5 - (-4 - -1).
1
What is (-1 - 0) + 5 + -4 + -3?
-3
What is the value of -3 + -6 + (-1 - (-6 - 1))?
-3
What is 189 + -176 + -5 + -1?
7
Evaluate -4 + -2 + -1 + -9 + 12.
-4
(3 + 1 - 6) + 3
1
What is 5 + (-3 + -3 + 2 - -1)?
2
Calculate 1 + 8 + 0 + -4.
5
What is -12 - -12 - (1 + -2) - 5?
-4
Calculate -4 - (-4 + 0 + -4).
4
Evaluate -1 + 2 + 12 - 7.
6
What is the value of -2 + 3 + -2 + -4 + 1?
-4
What is -5 + (-5 + -2 - -10)?
-2
-5 - (-3 + (-1 - 1 - -3))
-3
Evaluate 3 - (-1 - 2 - 4 - -5).
5
What is -1 - (5 - 2 - 0) - -7?
3
What is -5 + 2 + (5 - 3) + 9?
8
What is the value of (-2 - 5) + -2 - (0 + -5)?
-4
Evaluate 12 - 2 - (4 + -2).
8
What is 5 + 3 + -9 - (2 - 0)?
-3
Calculate 2 + -5 + 5 + (4 - 2).
4
Calculate 5 + -1 - (7 + -3).
0
What is the value of -5 + 15 + -6 + 2?
6
What is the value of 2 + (-4 - -4 - (7 - 3))?
-2
What is 1 - (-4 + 2) - 1?
2
What is 2 + (-4 - -3) + -1 + 0?
0
Calculate -6 - (14 - 3 - 12).
-5
Evaluate 2 + -7 + (-19 - -24).
0
What is (-6 - (-4 + 4)) + 1?
-5
Evaluate 0 + 12 + 13 + -19 + -1.
5
0 + -3 + 6 + 0
3
1 + -13 + 15 + (3 - 1)
5
What is the value of -1 + (-4 - (-5 - 3)) + 1?
4
What is the value of -5 + 0 + -1 + 1 + 1?
-4
Calculate 8 - (8 - 6 - -3) - -1.
4
Calculate (4 - 11) + -3 + 5.
-5
Evaluate -3 + -4 + 3 + 1.
-3
Calculate (1 + -3 - 1) + -1.
-4
Evaluate (-4 - -15) + -2 + -6.
3
What is the value of -3 - (3 - 8) - 3 - 1?
-2
-10 + (1 - (-7 - 1))
-1
0 + 0 - (6 - 4) - -2
0
Evaluate 6 + 0 + 3 + -6.
3
Calculate (-4 - (-8 - -3)) + -2.
-1
0 + 9 + -55 + 48 - 10
-8
1 - ((0 - 3) + (7 - 2))
-1
Calculate (0 - 3) + (0 - (-1 + -1)).
-1
Calculate -3 + 2 + -32 + 31.
-2
10 + -14 - (-8 - -1)
3
What is 6 + (-1 - -4 - 5)?
4
What is 10 - 7 - (-2 - -5 - -4)?
-4
Calculate 0 + (-6 - -1 - (-2 + 0)).
-3
(-10 - 0 - -4) + 1
-5
What is 2 - (-7 - (3 + -3) - -5)?
4
Evaluate -6 + 5 + 5 + -5.
-1
Calculate 10 - (8 - 2 - -12).
-8
2 + -9 - -9 - 9
-7
5 - (15 - (3 + 8))
1
Calculate -13 + 13 + (-1 - (-6 - -4)).
1
Calculate (28 - 8 - 12) + -1.
7
(1 - -1) + (-4 - 1) - -2
-1
Evaluate (101 - 107) + (1 - 0).
-5
Evaluate (-5 - -14) + -22 + 10.
-3
-3 - 3 - (-10 - -3)
1
What is the value of (-10 - -20) + -16 + 6?
0
What is the value of -11 + -1 - (43 - 48)?
-7
What is 7 - (-1 - (-5 - (-4 - -4)))?
3
Evaluate 7 + (-4 - 0 - 3).
0
What is (-1 - -3) + (0 - -4) + -2?
4
What is -12 + 26 + (-1 - 8)?
5
Evaluate -8 - (-3 - 4) - (3 - -2).
-6
Calculate 0 + 3 + (-2 - -4).
5
0 + -5 + 6 + -2
-1
4 + -4 + 6 + -2
4
What is the value of 4 - (8 + 6 + 0)?
-10
What is the value of (1 - -6) + -64 + 55?
-2
What is the value of -1 - 1 - (-19 - -17) - 3?
-3
Calculate 2 - (4 + -4) - (-3 + 1).
4
What is 3 + -1 - (-2 + 1)?
3
Calculate -6 - (0 + 6 - (12 + 5)).
5
-7 + (2 - 3) + 3
-5
-14 + (17 - (22 + -10))
-9
Calculate (-31 - -34) + (-12 - -1).
-8
Calculate (1 - 7) + -27 + 35.
2
Evaluate 6 + 2 - -2 - 4 - 3.
3
What is the value of (0 - 5) + 3 - (0 - -1)?
-3
What is the value of -2 + 11 - 5 - 6?
-2
What is (3 - 0) + -2 - 0 - -3?
4
What is the value of -4 - -2 - -6 - 7 - -8?
5
0 - (-2 + 1 + 0 + 2)
-1
Evaluate 0 - (1 - (9 + -8) - 8).
8
What is 1 + (5 + (-2 - 0) - 2)?
2
What is the value of -14 + 19 - (4 + -1)?
2
What is the value of 1 - 1 - (9 + -7 + -3)?
1
Calculate 2 - (-7 - -15 - 15 - -3).
6
Evaluate (-1 - 2 - -2) + 10 + -5.
4
Evaluate -4 + -6 + 9 - 0.
-1
2 + -9 - (1 - 14)
6
Calculate 3 + 2 + 1 + -5 - 3.
-2
What is the value of -52 - -61 - (-2 + 13)?
-2
Calculate 0 + -4 - (-28 + 29).
-5
(4 + -3 - 4) + -6 + 5
-4
What is the value of (1 - (3 + -4 + 7)) + 3?
-2
Evaluate (-2 + 1 - 4) + (15 - 13).
-3
Evaluate 5 + (-5 - (-4 - -1)) - 3.
0
-4 - (-3 + 3 - -4 - 6)
-2
Calculate (1 - (1 - 1)) + -9 + 9.
1
Calculate (-55 - -58) + 0 + 4.
7
What is (4 - 4) + -1 + -4 + -5?
-10
What is the value of -1 + 0 - (4 + (-3 - -1))?
-3
Evaluate (0 - 2) + (-73 - -81).
6
Calculate 0 + -4 + 10 - (-2 - -4).
4
Calculate -2 - (2 - -1 - (9 + -1)).
3
What is the value of -1 - (-9 + 5) - (-3 - -1)?
5
Calculate (25 - 6) + -6 - (0 + 6).
7
What is 2 + (-28 - (-4 + -3)) + 8?
-11
Calculate (-1 + 0 - -4) + -8 - -4.
-1
What is -2 + (0 - (5 + -4))?
-3
Calculate 1 - -3 - ((5 - 6) + 4).
1
Calculate -6 - (3 - (2 + 1)) - -3.
-3
(1 - 4) + 2 + -4
-5
Evaluate -4 + (6 - 5) + 6.
3
Evaluate (1 - 2 - -7) + -8.
-2
What is (-5 - (-12 + 4)) + 1?
4
(5 - 1 - 10) + 3
-3
Evaluate 10 + (-14 - -5) + (-5 - -1).
-3
What is the value of 5 + (-13 - -16) + -6?
2
1 - 0 - (2 - (5 - 2))
2
Calculate 7 + -8 + (3 - 2 - 3).
-3
What is (-3 + 0 + 2 - 1) + 7?
5
5 + 1 - (3 - 1 - -2)
2
What is -4 + (1 - (1 + 0))?
-4
What is the value of 0 + 7 + (-3 - 2)?
2
Evaluate 0 - -2 - (-2 + 4 + -3).
3
5 + (-4 - 8) + 1 + 4
-2
What is 0 - (0 - 2) - 0 - 7?
-5
Evaluate 7 + -4 + -2 + -1 + -7.
-7
What is (-3 - -1 - -4) + (1 - 3)?
0
What is 0 + -5 - (-20 + 17)?
-2
Evaluate 0 + 0 + 0 - (5 + -11).
6
What is the value of 4 + -8 + -1 + 6?
1
What is the value of 0 + -15 + 10 + -2?
-7
Evaluate 3 - (3 + (-5 - 0 - 1)).
6
17 + -9 - (0 + 3)
5
What is (-2 - (2 + -6)) + -3 - -5?
4
12 + (0 + 0 - (3 - -3))
6
What is (-35 - -29) + (1 - -1)?
-4
-14 + -5 + 11 + 14
6
Evaluate -3 + 4 + -4 + 6 + -9.
-6
Evaluate 11 + -8 + 1 - 7 - 5.
-8
-39 + 41 + -2 + -1
-1
What is 1 + -4 + 3 + -1 + 6?
5
Calculate -3 + (9 - 6) - -6.
6
Calculate (-2 - 5) + 6 + -2 + 8.
5
Calculate -1 - (3 - 13) - 10.
-1
Calculate (-4 - -8) + (-5 - (2 + 2)).
-5
What is the value of 0 - -1 - (1 - (7 + -7))?
0
What is the value of 0 - (-5 + 1 + 3 + 5)?
-4
-7 + 4 + 5 + 5
7
Calculate (-7 - (-8 - 10)) + -4.
7
What is -4 + -5 + 14 + -2?
3
What is the value of -5 + (-5 - -4) - (0 - 1)?
-5
What is 0 - 0 - (26 - 28)?
2
-1 - 3 - (-7 - -3 - -2)
-2
-3 - (-11 + (1 - -3))
4
10 + -9 - -6 - (16 - 1)
-8
What is -7 - -5 - (5 - 4)?
-3
Calculate -16 + 10 + 2 + 0.
-4
3 + 10 + (-2 - 1) + -1
9
Calculate 10 + 4 + -2 + -18.
-6
What is the value of -37 + 34 + (0 + 0 - -9)?
6
(-2 - (1 + -6)) + 116 + -112
7
What is (-3 - (-2 - 0)) + -1?
-2
-3 - -1 - (6 - 10 - -9)
-7
Calculate -1 + 4 + 3 + -1.
5
Evaluate (-6 - (3 + 4 + -10)) + 9.
6
What is 1 - ((1 - 5) + (5 - -3))?
-3
Calculate (-6 - -12) + -7 - (-4 + 1).
2
(5 - 10 - -8) + -4
-1
What is -2 + (1 - 0) + (44 - 43)?
0
Evaluate (4 + -5 - 6) + 4 + -6.
-9
What is (7 - 9) + (4 - 3)?
-1
Evaluate 1 + -14 + (11 + -20 - -15).
-7
5 - (-7 - -7) - 8
-3
Evaluate 1 + 6 + -2 + -4.
1
Calculate -2 + 3 + -4 + -1 + 5.
1
-7 + 3 + -6 + 7
-3
Evaluate -1 + (7 - 6 - -1) + -6.
-5
What is the value of 0 - -12 - (-59 + 65)?
6
Calculate 2 + 1 + 1 - (36 + -35).
3
Calculate 5 - ((1 + -4 - -2) + 4).
2
(15 - 11) + -1 + -8
-5
Calculate (-15 - -14) + 10 + -3 - 3.
3
What is 1 + (0 - (7 + 7 + -6))?
-7
Evaluate (-1 - (-20 + 8)) + -6.
5
What is 9 + -3 - (-7 + 3 + 2)?
8
Calculate -3 - (-1 - (-3 - -6)) - 7.
-6
What is the value of -3 - -10 - 0 - 2?
5
What is -2 - ((1 - (2 - 0))